Let v(n) = n**3 - 15*n**2 - 2*n + 8. Let d be v(15). Let m be (-81)/99 - (-4)/d. Is (((-28110)/12)/(-5))/(m/(-2)) a composite number?
False
Let w(f) = f - 8*f + 24 - 16*f. Is w(-31) composite?
True
Let n = 10363 - -20358. Is n composite?
True
Is (143801 + -2)/(31 - 30) prime?
False
Let u = 404554 - 261071. Is u prime?
True
Suppose -3*s + 13 + 7 = -4*x, -15 = s + 3*x. Suppose s = 6*r - 7624 + 2092. Suppose -v + 2330 = 4*z, -2677 + r = -3*z + 3*v. Is z composite?
True
Let z(r) = -r**2 - 16*r + 22. Suppose 0 = -3*v + 3*m - 54, 4*v - 3*m = 7*v + 48. Let f be z(v). Let s(h) = 885*h - 8. Is s(f) composite?
True
Let i(f) = 3*f**2. Let l be i(1). Let d be ((l + -2)*-188)/(8/(-12)). Let a = d + -119. Is a a composite number?
False
Let m = 50 + -45. Let g(d) = 37*d**3 + 11*d**2 + 6*d - 11. Is g(m) composite?
False
Let g be (6/(-4 + 5))/1. Let m be (-22)/g + (-11)/((-132)/8). Is ((14/m)/1)/((-16)/30648) a prime number?
False
Suppose 66185 + 35975 = 16*k. Suppose 5*r - 11*n + 10*n = k, -5*r + 6385 = 2*n. Is r a prime number?
True
Let d = -197650 - -303487. Is d prime?
False
Suppose 4*j - 126698 = -5*c, -17*j + 20*j + 3*c = 95019. Is j a composite number?
False
Let v = -44 - -51. Suppose -v*w + 5613 = -6*w. Suppose 3*l - 6*l + w = 0. Is l a composite number?
False
Suppose 0 = -5*a - 3*n + 31611, 10*a - 4*n = 5*a + 31632. Suppose 562 = -2*b + a. Is b a prime number?
False
Suppose -3*r + 6 = 0, -6*n + 9*n - 1 = r. Is n/2*(-21 + 607) a composite number?
False
Let y = 18 + -17. Let u(r) = -312*r**2 - 1. Let q be u(y). Let d = q - -722. Is d composite?
False
Let p(v) = -v**2 - 29*v - 6. Let i be p(-7). Let y = i - -1647. Is y a prime number?
False
Suppose q + 1 = -2. Let t(b) be the first derivative of -29*b**4/4 - 2*b**3/3 - 4*b**2 + 4*b - 690. Is t(q) a composite number?
True
Let d = 610 - -436. Suppose 0 = -2*x - y + 1361 - 315, -5*y = -2*x + d. Is x composite?
False
Let z = -14 - -9. Let n(d) be the third derivative of -9*d**4/8 + 7*d**3/3 - 17*d**2. Is n(z) composite?
False
Suppose -4*t + 31635 = -i, -t + 3*i - 4816 + 12722 = 0. Suppose -8*f - t = -79293. Is f prime?
True
Is (-468)/78*(-2)/2 + 23245 a prime number?
True
Let r(c) = 722*c - 109. Let y(u) = 721*u - 109. Let s(l) = -3*r(l) + 4*y(l). Is s(17) prime?
True
Is (180/(-2790) + 27/(-62))/((-2)/342812) composite?
False
Let r(g) = -4364*g - 79. Let n be r(4). Is 4*(n/(-12) + 3) prime?
True
Suppose 4*i + 42 = 5*i. Let s = -185 + 156. Let d = s + i. Is d prime?
True
Suppose -5*h = 5*t - 3566560, 0 = 4*h + 396*t - 400*t - 2853224. Is h a composite number?
False
Suppose -a - 8*a + 36 = 0. Suppose -9*y + 40 = -a*y. Suppose -4*w + y*w = 1796. Is w prime?
True
Let b(w) = -144*w**3 - 139*w**3 + 266*w**3 - 4*w**2 - 16*w - 25. Is b(-7) composite?
True
Is (-380028)/(-10) + (3066/105 - 30) prime?
False
Suppose 14184807 = 103*q + 1300291 - 23362317. Is q a composite number?
True
Let t(x) = 27463*x**2 + 28*x - 28. Is t(1) prime?
False
Let x(f) = 215*f**2 + 33*f - 287. Let v(m) = -323*m**2 - 50*m + 431. Let z(b) = 5*v(b) + 8*x(b). Is z(10) composite?
False
Let n(w) = -12898*w - 361. Is n(-14) a composite number?
False
Let t(b) be the first derivative of -b**4/4 + 11*b**3 - 15*b**2/2 + 17*b - 2. Is t(12) prime?
True
Suppose 4*n = -2*n - 38*n + 13678676. Is n prime?
False
Suppose h - 153378 = -59717. Is h prime?
False
Is ((-126)/70 + 2)*1134955 composite?
False
Let t = -8003 + 431774. Is t composite?
True
Let x = 15693 - -317158. Is x a composite number?
False
Is 13516 + -7*1*(-15 - -14) prime?
True
Let r = 431910 + -152555. Is r prime?
False
Let i(c) be the second derivative of -c**4/12 + c**3/2 + 4111*c**2/2 - 105*c. Is i(0) composite?
False
Suppose 18*t = 2*o + 21*t - 1086191, 0 = -3*o - 4*t + 1629287. Is o prime?
True
Let x(c) = -c - 13*c**2 - 1 - 1 - 6*c - c**3. Suppose -3*g - 14 = 5*w, -5*g - 5*w - 37 = 3. Is x(g) a prime number?
True
Let a(o) = -40*o + 39. Let v be 12/4 + 6*2/3. Suppose -34 = -5*s + v*s. Is a(s) a composite number?
False
Suppose -g + 0*a = -5*a - 62, g = -a + 50. Suppose g*b - 39*b - 47359 = 0. Is b prime?
True
Suppose 3*c - 621 = -x, 636 = 3*c + 2*x - 6*x. Suppose -5*n + 9*n = c. Suppose 53*w - n*w - 841 = 0. Is w composite?
True
Is (-121433568)/64*3/(4/((-8)/9)) a composite number?
False
Let z(m) = -213839*m + 3. Is z(-2) a prime number?
True
Is (-45)/9*10589/(-5) a prime number?
True
Let y(t) = 199*t + 65. Let u be y(-5). Let w = u - -589. Let i = w - -1612. Is i composite?
True
Let j be ((-21330)/315)/(1/(-28)). Let z = j - 1125. Is z a prime number?
False
Is 1197/171 - (-159970)/1 a prime number?
True
Let q be (-262)/(-3)*(-264)/(-2 - 6). Let w = 1975 + q. Is w a composite number?
True
Let k(d) = 3*d**2 + d - 7. Let w = 38 + -43. Let t be k(w). Let f = t - 29. Is f a prime number?
False
Is (108 - 92) + (-183831)/(-3) a composite number?
True
Suppose -10*h = -61464 - 1866. Let v = h + -4444. Is v composite?
False
Suppose -p - 2*w = -136117, -38962 - 233264 = -2*p - 2*w. Is p a prime number?
False
Let f = -96445 + 159668. Is f a prime number?
False
Let s be 115/15 - 7 - (-10)/(-6). Let d be (-15)/(s + (-2004)/(-2007)). Is ((-7)/3 - -2)/((-3)/d) composite?
True
Let w be (118/(-59))/(((-2)/(-7199))/(-1)). Suppose 4*b - 4*x - 5764 = 0, -10*b + 3*x = -5*b - w. Is b a composite number?
True
Let s(r) = 112*r**3 - 27*r**2 - 20*r + 38. Is s(9) composite?
False
Suppose -b = -69 + 57. Suppose 4*r = -b - 8, 5*l - 45 = 5*r. Is (1 + 0)*-2794*(-2)/l prime?
False
Suppose 13*i = 11*i + 542. Suppose -a = 4*a - 15, o - i = -5*a. Let k = o + 301. Is k a composite number?
False
Let z(b) = 2166*b + 27. Let g be z(-2). Let x = g - -11047. Is x a prime number?
False
Suppose 407068 = 59*y - 55003195. Is y composite?
False
Suppose 2*o = -6, -48*o - 17600221 = -5*y - 46*o. Is y composite?
False
Let r = 273 + -5. Let f(w) = -12*w - 102. Let d be f(7). Let x = d + r. Is x a composite number?
True
Is (-12)/(-8)*15427*10*3/45 composite?
False
Is 100648/138*3/(-4)*-1861 composite?
True
Suppose -i + 5*t - 29 = 0, -3*i = -2*i - 3*t + 23. Let x = i - -18. Suppose -q - x*q = -1175. Is q a prime number?
False
Suppose 497*g + 3*d = 493*g + 145735, 4*g = d + 145731. Is g prime?
True
Let g(x) = -x**3 - 11*x**2 - 2. Let a be g(-11). Let u be a/(4/25)*1*122. Let w = 3176 + u. Is w composite?
True
Let z = -32613 + 58148. Is z a prime number?
False
Suppose -5*x = 3*t - 10*x - 41156, 0 = 2*t + 2*x - 27464. Suppose -37960 = -11*o - t. Is o a composite number?
False
Let r = -94 - -168. Let b = r + -72. Suppose -b*q + 259 = 3*y - 951, 0 = 3*q + 3*y - 1821. Is q prime?
False
Suppose 2*q - 532012 = 3*v, 3*v - 798033 = 24*q - 27*q. Is q a composite number?
False
Suppose -5*v - 5*b = -113195, v + 0*v = 3*b + 22619. Is v composite?
True
Suppose 2*a = 4*d + 48, 5*d = 4 + 6. Is 7480/a - (-5)/(-35) a prime number?
False
Is (6 - (-11)/(33/(-20))) + 4107160/24 prime?
True
Is (15/(-10))/(21/(-144214)) a composite number?
False
Suppose 0 = 490*x - 492*x - 4. Let q(z) = 1096*z**2 + 2*z + 11. Is q(x) prime?
True
Let g(z) = -10*z**3 - 35*z**2 - 5*z - 29. Suppose -178*f + 84 = -185*f. Is g(f) prime?
False
Let o(n) = n**3 - 9*n**2 - n - 1. Let x be o(9). Is 793/3 + x/(-15) a prime number?
False
Suppose -2*a - h + 24 = -3*a, -3*h + 6 = 0. Let v = 24 + a. Suppose u = -4*t + 129, v*u - 478 = -2*u + 3*t. Is u a composite number?
True
Suppose 2092*n - 2089*n = -5*w + 2499244, -5*n + 1999377 = 4*w. Is w a prime number?
True
Suppose -11*x - 62860 = -18*x. Let u = -2133 + x. Is u a prime number?
False
Suppose -17*g + 12756536 = 10*g + 2114675. Is g a prime number?
False
Let c(r) = -2*r + 33 - 25 + r. Let s be c(5). Suppose s*p = 5*d + p - 2401, 0 = -3*d - p + 1434. Is d composite?
False
Let k(j) = -16*j - 7. Suppose -2*z + 7*i = 3*i - 12, 22 = -3*z - 4*i. Let h be k(z). Is -2078*(10/h)/((-8)/10) prime?
True
Suppose 3*v - 2*a - 21015 + 2295 = 0, 3*a = -3*v + 18705. Suppose -14640 - v = -22*d. Is d prime?
False
Let p(g) = 26 - 14 + 27*g + 13*g + 30*g. Let m(z) = 7*z**3 - z**2 + z. Let x be m(1). Is p(x) composite?
True
Suppose -j = -3*j - 7496. Let p = j + -926. Is (p/(-7 - -4))/2 prime?
False
Let c be 4/(-3)*63/14. Is c/(-12)*0 + 5471 a prime number?
True
Is 612/18054 - 7640614/(-118) a prime number?
False
Suppose -4*m - 7*j + 5*j + 84 = 0, 4*j + 3 = m. Let v